+ -27 + 2 + 0
0
What is 6 + (-2 - (3 - 0) - 3)?
-2
-3 + 2 - (2 + -3 - -2)
-2
-2 - 0 - -6 - (7 - 8)
5
-12 + 0 - (9 + -17)
-4
What is the value of (4 - 3) + 0 + (-3 - 1)?
-3
Calculate (-3 + 1 - (-8 + 3)) + -1.
2
Calculate 6 + -14 + (0 - -4).
-4
-2 + (4 - 6) - (2 + -1)
-5
What is the value of -18 - -19 - (0 - (3 - 11))?
-7
What is (-1 + -8 - (-7 + 4)) + 13?
7
Evaluate -5 - (-4 + -9 - -5).
3
-1 - (-2 - 0) - -1
2
What is 3 - (7 - ((4 - 5) + 3))?
-2
Evaluate (0 - 3) + (-51 - -53).
-1
0 - (2 - (-5 - 11) - 8)
-10
Evaluate 5 - -4 - (8 + 7).
-6
What is 8 - 10 - (-1 + -2)?
1
What is 2 + (-1 - 6) - 0?
-5
What is the value of -7 + 14 + -3 - -5?
9
What is 0 - 0 - (-4 + 5 + 3)?
-4
1 + 1 + (60 - 63)
-1
What is -2 - 1 - (-2 - 1) - 10?
-10
What is the value of 0 + -7 + 1 + -1?
-7
What is the value of -4 + 3 + 5 + -7?
-3
What is (-3 - 0) + -1 + 4 + 0?
0
Calculate 19 + -18 + (-1 - 1) - -7.
6
What is the value of (-13 - -9) + 6 + -2?
0
-3 + -3 + -2 + 4
-4
What is 1 - -3 - (0 + 5)?
-1
Evaluate 11 - (-1 - (6 - 11)).
7
What is 2 + (-7 - -4) + (6 - 11)?
-6
Evaluate 11 - (18 + 4 - 12).
1
Calculate -93 + 101 - (1 + 1 + 0).
6
Evaluate -6 + 8 + (-3 - -6).
5
Calculate (5 - 5 - (1 - -2)) + 7.
4
What is (-8 + -3 - -11) + 5?
5
What is the value of -4 - (8 + -14 - (-1 + 1))?
2
Evaluate 1 + (4 - (2 + 2 + -2)).
3
Evaluate 6 - (-3 - (2 - 3) - -3).
5
Evaluate (-2 - 4) + (1 - -4) + -2.
-3
What is the value of (-6 - -9 - (1 - -2)) + 4?
4
What is -17 + 30 + 1 + -10?
4
What is the value of 1 + 0 + (0 - (4 + -1))?
-2
Calculate 0 + (-3 - -6) - (1 + 4).
-2
What is the value of -4 - (-6 + 2) - (-23 - -30)?
-7
-3 + (-4 - 0) + 20 + -19
-6
Calculate 0 - (-1 + -1) - (-2 - 1).
5
What is -2 - 1 - -6 - (2 + -1)?
2
(-3 + 9 - 9) + (5 - 1)
1
Calculate 2 + -3 + 2 + 4 + -9.
-4
Evaluate -47 + 60 + -4 + -2.
7
Evaluate 7 - (-1 + 3) - (0 - 0).
5
What is the value of 4 - (2 + 1 + 2)?
-1
Evaluate -7 - (-3 - -2) - (0 - 12).
6
Calculate (3 - 5) + 3 + -4 - -10.
7
Evaluate (22 - 11 - (-2 - -4)) + -4.
5
What is -5 + 7 + 16 + -11?
7
What is -4 - ((2 - 4) + -3)?
1
What is (10 - 6) + -3 + -2?
-1
3 - (-8 - -13 - 1)
-1
What is (-10 - (3 + -9)) + (3 - 1)?
-2
-4 + 4 + 9 + -4
5
What is the value of -3 + (-9 - -28 - 10)?
6
-4 + 2 + -7 - -4
-5
Evaluate 6 - (0 + -11 + 4 - -5).
8
Calculate -11 + 22 + (0 - 5).
6
Evaluate 7 + -1 + (5 + 4 - 11).
4
What is the value of 0 + (-4 - -8) + -1 - 1?
2
Evaluate -2 - (0 - 5) - (0 - -1).
2
Calculate -185 + 167 + (11 - 1).
-8
1 + 1 + (5 - 2)
5
What is the value of -11 + (0 - -1) + 3 - -4?
-3
Evaluate -1 + (-1 - 0 - -7).
5
-6 + 0 - (4 + -13)
3
Calculate 1 - (-4 + 10 - 2).
-3
10 + -8 + (-4 - -2) + 5
5
What is the value of 3 - (6 - (1 - -5))?
3
Evaluate -1 + (-1 - (-2 - 4)).
4
What is the value of -47 + 37 + (3 - -8)?
1
Calculate 0 + -4 + 1 - (10 + -6).
-7
-8 - (-4 + (2 - 6) + 5)
-5
Evaluate 5 + -1 - (2 + 0 + -2).
4
Evaluate 3 + -4 + 2 - (1 + 1).
-1
What is the value of 8 - 8 - (0 + 0) - 2?
-2
What is (1 + 3 - 0) + 0?
4
Calculate 4 - (4 + -1 - (2 + 0)).
3
Calculate (2 - 11) + -21 + 29.
-1
Evaluate 110 + -117 - (1 + -8).
0
-1 + (-9 - (6 + -16))
0
What is the value of -12 + 2 + (-3 + 1 - -9)?
-3
Evaluate (12 - 25 - -15) + -6 + 0.
-4
What is the value of 3 + 2 + 1 - (-22 + 20)?
8
Calculate -38 + 39 - (1 - 6).
6
What is the value of -2 + -3 + -8 + 12?
-1
What is 7 - (15 - (5 + -5)) - 0?
-8
Calculate 10 + -1 + -1 - 4.
4
Calculate 6 + -1 + 4 + (4 - 11).
2
Calculate 0 - 0 - (1 - 3 - 0).
2
What is the value of 0 - (-14 + 7) - 13?
-6
(1 - 0) + 16 + -10 + -1
6
Evaluate (1 - -3 - 5 - 2) + 2.
-1
Calculate (1 + -3 - -3) + -1 - 4.
-4
What is the value of 25 + -29 - (-2 - 2)?
0
Calculate 0 - 2 - (10 - 19).
7
What is 3 - ((12 - 9) + -7)?
7
What is the value of 8 - ((-7 - -14) + -2)?
3
What is -3 + (0 - -6) + -7?
-4
What is 0 - (2 + -3) - (10 - 8)?
-1
Calculate 1 + 3 + -4 - 4.
-4
(-13 - -16) + (6 - 4)
5
Evaluate -4 + 0 - (-11 - -4).
3
4 + -1 + -10 + -8 + 10
-5
37 + -42 - (-7 + -2)
4
2 - (35 + -27 + 0 + -1)
-5
What is -2 - (3 - (4 + -4))?
-5
Calculate 10 + (-7 - (14 - 9)).
-2
What is the value of 3 + 1 + (-4 + 5 - 9)?
-4
Calculate (3 - -1 - 10) + 8.
2
What is the value of 5 + 0 - ((-1 - -5) + -3)?
4
Evaluate 1 - (-2 + 4) - (-8 - -9).
-2
Calculate -5 - (-1 + -3) - (-8 - -2).
5
Evaluate -11 - (-8 + 1) - -3.
-1
Calculate -4 - 1 - (-2 - (-14 + 15)).
-2
What is 10 + -18 + 7 + (8 - 2)?
5
What is (8 - -8) + (0 - 5) + -4?
7
11 - (3 + -7 + 12)
3
What is the value of -5 - (-2 - 5) - 0?
2
Calculate 0 - ((-6 - -2) + 8 + 1).
-5
What is 3 + -6 - (-4 - -4)?
-3
What is (-6 - -19 - -5) + -13?
5
Calculate (-4 - (-4 + 2)) + -1.
-3
Calculate -3 + -1 - (6 - (1 + 8)).
-1
What is the value of (2 - (-10 - -8)) + -2?
2
Calculate 4 - 6 - (-1 - -1).
-2
Calculate 1 - -9 - 1 - (-10 - -11).
8
-4 - (7 - 4 - 0 - 6)
-1
Evaluate 6 + (-3 - ((-7 - -1) + 3)).
6
Calculate (46 - 47) + -1 + 4.
2
What is -1 + 1 + 9 + -19 + 17?
7
1 - (6 + (3 - 6))
-2
What is the value of -7 + 10 - (2 + -7)?
8
Calculate -11 - (-16 - (-14 - -10)).
1
Evaluate 2 + -15 + 7 + 6 + 3.
3
Evaluate 5 + -3 + 1 + 1.
4
What is the value of (-14 - -17) + (3 - 11) + -3?
-8
What is 1 + -16 - (24 + -34)?
-5
What is (2 - 3 - -9) + 4 + -6?
6
What is the value of (3 - 1) + -4 + 2 + -5?
-5
-1 + -3 + 0 + (-2 - -2)
-4
What is 2 + (3 - (-5 + 3)) + -12?
-5
-11 + (15 - -5) + -6
3
5 - (-9 + (5 - -1))
8
Calculate (-3 + 3 - 3) + -1 - -1.
-3
What is the value of (9 - 0 - 1) + -2 + -1?
5
32 + -33 + (1 - 1)
-1
Calculate -14 + (2 - 11 - -19).
-4
Calculate -3 - -1 - (-2 - (-1 + 5)).
4
-6 + 13 + -6 + 5
6
Evaluate -3 + (0 - 2) - -2.
-3
(-2 - (-4 + -2)) + (0 - 5)
-1
5 - -1 - (-8 + -1 + 17)
-2
Calculate (3 - 2) + 5 + (-14 - -4).
-4
What is the value of 2 + -3 + 10 + -17?
-8
Evaluate 4 - (2 - (5 - (4 + -4))).
7
Calculate -3 - (-5 + 9 + -12).
5
Calculate 4 + -5 + (-5 - -11).
5
Evaluate (-10 - 13) + 13 - -14.
4
Calculate (-5 - (-14 - (-3 + -2))) + -9.
-5
2 - (1 + 3 + 2 + -6)
2
What is (-2 - (3 - (2 + 1))) + 5?
3
-2 - (-1 + -4 + 1)
2
Calculate -1 + 6 + (18 - 21) + 6.
8
What is 2 + -4 + 2 + 5?
5
Evaluate -2 + (-5 - (0 - (4 + 2))).
-1
What is the value of (3 - (2 - -2)) + 4?
3
Evaluate (1 - 4) + -3 - -2.
-4
(-1 - (-6 + 3) - 0) + -7
-5
Calculate 1 + 7 - (-1 + 1).
8
Calculate (5 - 0) + 3 + -4 + -6.
-2
What is -4 + -4 + 11 + -7?
-4
What is (3 - (4 + -8)) + 0?
7
Evaluate -16 - -7 - -11 - -8.
10
(-10 - (3 + -10)) + 3 - -5
5
What is 2 + 2 + -9 - (5 + -6)?
-4
What is the value of -22 + -15 + 14 + 14?
-9
Calculate -1 - (5 + 1 + -5).
-2
1 - 9 - (12 - 17)
-3
What is the value of 5 + (1 - 0 - 1)?
5
Evaluate (-13 + 6 + -3 - -6) + -7.
-11
2 - (12 + -5 + (1 - 3))
-3
1 + 5 - (10 - 3)
-1
Evaluate (26 - 19) + -4 + 0.
3
-4 - -1 - (2 - 10)
5
Calculate (1 + 3 - -2) + -8 + 1.
-1
-2 - -7 - (1 + 2)
2
5 - (-4 - (-4 + -4))
1
-2 - (2 + (-9 - -3))
2
What is (-1 - 0) + -2 - (-18 + 15)?
0
What is the value of 8 - (-4 + 2) - 14?
-4
What is the value of (-1 - 1 - -1) + 2 + 2?
3
Evaluate -4 - 5 - -8 - 0.
-1
Calculate 3 + -7 + -2 + 9.
3
Evaluate (-5 + 7 - 5) + 4 - 8.
-7
Evaluate -31 + 27 + 2 + 3 + -3.
-2
Evaluate -3 + (-4 + 0 - -5) + 3.
1
What is the value of (6 - (-3 + 6)) + -1 - 7?
-5
Evaluate -9 + 14 - (5 + (0 - 3)).
3
Evaluate 3 + (6 - 4 - 8) - 0.
-3
Calculate 3 - ((-7 - -3) + (1 - -3)).
3
What is the value of (4 + 0 - 3) + -3?
-2
9 + -1 + -5 + -9 + 5
-1
Calculate -6 + 5 - (-1 + 3).
-3
What is -7 + (1 - -2) + 7 + -10?
-7
Calculate (-1 + -2 - (-4 - -1)) + -2.
-2
12 - 5 - (-28 - -26)
9
What is the value of -3 + 4 + (-11 - -6)?
-4
What is 2 - (2 - (-1 - 2)) - -6?
3
Evaluate (-37 + 19 - -21) + (4 - 0).
7
What is the value of -2 - -4 - -3 - 0?
5
-2 + (5 - 2) - -1
2
Evaluate -9 - (-6 - (5 - -1)).
3
What is -10 + (0 + 5 - 0)?
-5
3 + -7 + 5 - -1
2
-8 - (0 + (-8 - -4)) - -4
0
0 - (0 + (-5 - -3))
2
What is the value of 3 + 7 + (5 - 9) - 10?
-4
(-2 - -3) + 0 - (7 - 10)
4
Evaluate -10 + 2 + (10 - 4).
-2
What is the value of (0 - 1) + 1 - (20 + -25)?
5
Evaluate -1 + -2 - (-2 - 3).
2
What is 0 + -7 + (-157 - -159)?
-5
What is -1 + (0 + 2 - -1 - -3)?
5
What is the value of (-4 - (8 - 3)) + 17?
8
Calculate -1 - 4 - (-75 + 77).
-7
What is (-4 + (3 - -2) - 6) + 2?
-3
What is -7 + -2 + 4 + (-8 - -8)?
-5
What is the value of 10 - (5 - (0 - (5 + -7)))?
7
Evaluate -8 + 11 + 0 + -3.
0
Evaluate (1 - -1 - (-35 - -39)) + 8.
6
What is the value of -7 - (-18 + 